{"id":2287,"date":"2025-05-15T07:17:49","date_gmt":"2025-05-15T06:17:49","guid":{"rendered":"https:\/\/olaisen.se\/deckarbiten\/?post_type=product&#038;p=2287"},"modified":"2025-08-28T09:51:59","modified_gmt":"2025-08-28T08:51:59","slug":"binns-otwell-the-vanished-guest","status":"publish","type":"product","link":"https:\/\/olaisen.se\/deckarbiten\/produkt\/binns-otwell-the-vanished-guest\/","title":{"rendered":"Binns, Otwell: THE VANISHED GUEST."},"content":{"rendered":"<p>Ward, Lock u\u00e5.<br \/>\n256s, inb m n\u00f6tt lagat ej prisklippt 5\/- skomsl m kancellansprislapp (2\/-) p\u00e5 ryggen, p\u00e5 engelska.<br \/>\n<i>Fr\u00e5n G\u00f6sta Gillbergs bibliotek<\/b><\/p>\n","protected":false},"excerpt":{"rendered":"<p>Ward, Lock u\u00e5. 256s, inb m n\u00f6tt lagat ej prisklippt 5\/- skomsl m kancellansprislapp (2\/-) p\u00e5 ryggen, p\u00e5 engelska. Fr\u00e5n G\u00f6sta Gillbergs bibliotek<\/p>\n","protected":false},"featured_media":2288,"template":"","meta":[],"product_brand":[],"product_cat":[15,73],"product_tag":[],"class_list":{"0":"post-2287","1":"product","2":"type-product","3":"status-publish","4":"has-post-thumbnail","6":"product_cat-hela-lagret","7":"product_cat-krim","9":"first","10":"instock","11":"sold-individually","12":"shipping-taxable","13":"purchasable","14":"product-type-simple"},"_links":{"self":[{"href":"https:\/\/olaisen.se\/deckarbiten\/wp-json\/wp\/v2\/product\/2287","targetHints":{"allow":["GET"]}}],"collection":[{"href":"https:\/\/olaisen.se\/deckarbiten\/wp-json\/wp\/v2\/product"}],"about":[{"href":"https:\/\/olaisen.se\/deckarbiten\/wp-json\/wp\/v2\/types\/product"}],"wp:featuredmedia":[{"embeddable":true,"href":"https:\/\/olaisen.se\/deckarbiten\/wp-json\/wp\/v2\/media\/2288"}],"wp:attachment":[{"href":"https:\/\/olaisen.se\/deckarbiten\/wp-json\/wp\/v2\/media?parent=2287"}],"wp:term":[{"taxonomy":"product_brand","embeddable":true,"href":"https:\/\/olaisen.se\/deckarbiten\/wp-json\/wp\/v2\/product_brand?post=2287"},{"taxonomy":"product_cat","embeddable":true,"href":"https:\/\/olaisen.se\/deckarbiten\/wp-json\/wp\/v2\/product_cat?post=2287"},{"taxonomy":"product_tag","embeddable":true,"href":"https:\/\/olaisen.se\/deckarbiten\/wp-json\/wp\/v2\/product_tag?post=2287"}],"curies":[{"name":"wp","href":"https:\/\/api.w.org\/{rel}","templated":true}]}}